when 213101 is divided by 106539?
23
Calculate the remainder when 46971 is divided by 150.
21
Calculate the remainder when 72135 is divided by 47.
37
Calculate the remainder when 4867 is divided by 125.
117
Calculate the remainder when 9080 is divided by 2576.
1352
Calculate the remainder when 1768819 is divided by 27.
22
Calculate the remainder when 2109 is divided by 82.
59
Calculate the remainder when 2083995 is divided by 1041996.
3
Calculate the remainder when 20207 is divided by 43.
40
Calculate the remainder when 315909 is divided by 45.
9
Calculate the remainder when 52285 is divided by 1867.
9
Calculate the remainder when 27968 is divided by 182.
122
Calculate the remainder when 205798 is divided by 105.
103
Calculate the remainder when 712257 is divided by 12.
9
What is the remainder when 1647518 is divided by 1120?
1118
What is the remainder when 12861 is divided by 26?
17
Calculate the remainder when 4566 is divided by 3439.
1127
What is the remainder when 553124 is divided by 57?
53
Calculate the remainder when 46440 is divided by 53.
12
What is the remainder when 186695 is divided by 87?
80
Calculate the remainder when 280105 is divided by 161.
126
What is the remainder when 124102 is divided by 14?
6
Calculate the remainder when 600796 is divided by 11.
9
Calculate the remainder when 23315 is divided by 466.
15
Calculate the remainder when 60672 is divided by 370.
362
What is the remainder when 18212 is divided by 3013?
134
What is the remainder when 2133 is divided by 2131?
2
Calculate the remainder when 3396 is divided by 3380.
16
What is the remainder when 517280 is divided by 269?
262
Calculate the remainder when 1878 is divided by 1837.
41
What is the remainder when 4593 is divided by 652?
29
What is the remainder when 5394 is divided by 54?
48
What is the remainder when 2712 is divided by 113?
0
What is the remainder when 17511 is divided by 515?
1
Calculate the remainder when 93106 is divided by 103.
97
What is the remainder when 24830 is divided by 2758?
8
Calculate the remainder when 13701 is divided by 4562.
15
Calculate the remainder when 949 is divided by 14.
11
What is the remainder when 12691 is divided by 3172?
3
What is the remainder when 844 is divided by 39?
25
Calculate the remainder when 12592 is divided by 13.
8
Calculate the remainder when 465207 is divided by 18.
15
Calculate the remainder when 3369 is divided by 210.
9
What is the remainder when 457957 is divided by 26?
19
Calculate the remainder when 858634 is divided by 682.
678
Calculate the remainder when 158874 is divided by 7220.
34
Calculate the remainder when 1054 is divided by 10.
4
Calculate the remainder when 159246 is divided by 250.
246
What is the remainder when 432 is divided by 3?
0
Calculate the remainder when 189105 is divided by 63032.
9
Calculate the remainder when 248823 is divided by 695.
13
What is the remainder when 647092 is divided by 434?
432
Calculate the remainder when 554 is divided by 92.
2
What is the remainder when 315 is divided by 71?
31
Calculate the remainder when 12965 is divided by 1832.
141
What is the remainder when 6726 is divided by 17?
11
Calculate the remainder when 2495 is divided by 1174.
147
What is the remainder when 49676 is divided by 7?
4
Calculate the remainder when 1009 is divided by 51.
40
Calculate the remainder when 2703459 is divided by 901141.
36
Calculate the remainder when 407556 is divided by 115.
111
What is the remainder when 12662 is divided by 3165?
2
Calculate the remainder when 9507 is divided by 20.
7
What is the remainder when 575 is divided by 280?
15
What is the remainder when 2233 is divided by 185?
13
Calculate the remainder when 1978 is divided by 71.
61
Calculate the remainder when 573643 is divided by 3563.
0
What is the remainder when 1197 is divided by 299?
1
Calculate the remainder when 586888 is divided by 1368.
16
What is the remainder when 1975 is divided by 30?
25
Calculate the remainder when 39343 is divided by 77.
73
Calculate the remainder when 11564645 is divided by 678.
677
What is the remainder when 514579 is divided by 20?
19
What is the remainder when 273908 is divided by 98?
96
What is the remainder when 133892 is divided by 42?
38
What is the remainder when 3383 is divided by 1620?
143
What is the remainder when 821 is divided by 6?
5
What is the remainder when 12207 is divided by 1239?
1056
Calculate the remainder when 136249 is divided by 68124.
1
What is the remainder when 14872 is divided by 82?
30
What is the remainder when 4755 is divided by 431?
14
Calculate the remainder when 9273 is divided by 445.
373
What is the remainder when 28217 is divided by 479?
435
What is the remainder when 119676 is divided by 287?
284
Calculate the remainder when 46571 is divided by 675.
671
What is the remainder when 247089 is divided by 698?
695
What is the remainder when 18516 is divided by 2056?
12
Calculate the remainder when 13017 is divided by 1294.
77
Calculate the remainder when 70127 is divided by 23375.
2
What is the remainder when 322334 is divided by 247?
246
What is the remainder when 256069 is divided by 108?
1
What is the remainder when 11775 is divided by 380?
375
Calculate the remainder when 660 is divided by 317.
26
What is the remainder when 296 is divided by 32?
8
What is the remainder when 13604 is divided by 800?
4
What is the remainder when 26237 is divided by 201?
107
What is the remainder when 116371 is divided by 475?
471
What is the remainder when 189114 is divided by 121?
112
Calculate the remainder when 42062 is divided by 3231.
59
Calculate the remainder when 51080 is divided by 54.
50
Calculate the remainder when 131769 is divided by 373.
100
Calculate the remainder when 238567 is divided by 405.
22
What is the remainder when 29973 is divided by 14940?
93
What is the remainder when 174094 is divided by 13?
11
What is the remainder when 94314 is divided by 247?
207
What is the remainder when 40659 is divided by 40516?
143
Calculate the remainder when 14097 is divided by 388.
129
What is the remainder when 171803 is divided by 10?
3
What is the remainder when 21647 is divided by 10820?
7
Calculate the remainder when 8705 is divided by 14.
11
Calculate the remainder when 94629 is divided by 31.
17
What is the remainder when 22010 is divided by 459?
437
Calculate the remainder when 2131 is divided by 265.
11
Calculate the remainder when 41144 is divided by 18.
14
What is the remainder when 268496 is divided by 9588?
32
Calculate the remainder when 8225 is divided by 586.
21
What is the remainder when 37431 is divided by 51?
48
What is the remainder when 86486 is divided by 179?
29
What is the remainder when 1949 is divided by 345?
224
What is the remainder when 53593 is divided by 397?
395
What is the remainder when 189357 is divided by 15?
12
What is the remainder when 133794 is divided by 137?
82
What is the remainder when 120469 is divided by 35?
34
Calculate the remainder when 210854 is divided by 105419.
16
Calculate the remainder when 1385715 is divided by 129.
126
Calculate the remainder when 3377 is divided by 837.
29
What is the remainder when 182596 is divided by 14?
8
Calculate the remainder when 84157 is divided by 124.
85
What is the remainder when 2723 is divided by 1232?
259
Calculate the remainder when 31533 is divided by 190.
183
Calculate the remainder when 90779 is divided by 267.
266
What is the remainder when 318285 is divided by 48?
45
Calculate the remainder when 19785 is divided by 5946.
1947
What is the remainder when 508382 is divided by 207?
197
Calculate the remainder when 3477 is divided by 718.
605
Calculate the remainder when 26649 is divided by 32.
25
Calculate the remainder when 1281 is divided by 1272.
9
Calculate the remainder when 49816 is divided by 46.
44
Calculate the remainder when 23704 is divided by 1761.
811
What is the remainder when 1285 is divided by 272?
197
Calculate the remainder when 33725 is divided by 2238.
155
Calculate the remainder when 31474 is divided by 654.
82
Calculate the remainder when 109960 is divided by 2557.
9
Calculate the remainder when 1362006 is divided by 681000.
6
What is the remainder when 72410 is divided by 1052?
874
What is the remainder when 33840 is divided by 46?
30